st common factor of 7316 and 8.
4
What is the highest common factor of 242 and 88?
22
What is the greatest common factor of 36 and 228?
12
What is the greatest common divisor of 5421 and 13?
13
What is the highest common divisor of 19 and 9367?
19
What is the greatest common divisor of 8 and 60?
4
What is the greatest common factor of 2291 and 261?
29
Calculate the greatest common divisor of 111 and 2479.
37
What is the highest common factor of 548 and 2877?
137
What is the greatest common divisor of 28 and 96?
4
What is the greatest common divisor of 6534 and 810?
54
What is the highest common factor of 955 and 5?
5
What is the highest common factor of 85 and 20?
5
Calculate the greatest common divisor of 4140 and 40.
20
What is the highest common divisor of 291 and 9?
3
What is the greatest common divisor of 68 and 8?
4
What is the highest common factor of 87 and 681?
3
What is the greatest common factor of 99 and 2805?
33
What is the greatest common divisor of 1180 and 20?
20
Calculate the highest common divisor of 36 and 3654.
18
Calculate the greatest common factor of 20 and 25.
5
What is the highest common divisor of 234 and 52?
26
Calculate the highest common divisor of 2697 and 93.
93
Calculate the greatest common divisor of 1501 and 190.
19
Calculate the highest common divisor of 143 and 1625.
13
What is the greatest common divisor of 1184 and 185?
37
Calculate the highest common factor of 11 and 88.
11
Calculate the highest common divisor of 200 and 150.
50
What is the greatest common factor of 14 and 378?
14
Calculate the greatest common factor of 352 and 22.
22
Calculate the greatest common divisor of 111 and 777.
111
What is the highest common divisor of 1672 and 10450?
418
What is the highest common divisor of 600 and 24?
24
What is the greatest common divisor of 224 and 42?
14
What is the greatest common factor of 2 and 34?
2
What is the greatest common divisor of 420 and 852?
12
Calculate the highest common divisor of 1337 and 126.
7
What is the greatest common divisor of 841 and 58?
29
What is the highest common divisor of 602 and 28?
14
Calculate the greatest common divisor of 11 and 11.
11
Calculate the greatest common factor of 180 and 264.
12
Calculate the highest common divisor of 315 and 140.
35
Calculate the highest common factor of 527 and 31.
31
Calculate the highest common factor of 19840 and 10.
10
Calculate the greatest common divisor of 4147 and 7917.
377
Calculate the greatest common factor of 53 and 371.
53
What is the greatest common factor of 29 and 43?
1
What is the highest common factor of 3328 and 65?
13
Calculate the highest common factor of 25 and 1850.
25
Calculate the highest common factor of 71 and 5.
1
Calculate the highest common factor of 18304 and 384.
128
Calculate the greatest common factor of 24 and 162.
6
What is the greatest common factor of 575 and 275?
25
Calculate the highest common divisor of 160 and 544.
32
What is the highest common factor of 162 and 18?
18
Calculate the greatest common factor of 18 and 5283.
9
What is the greatest common divisor of 172 and 15566?
86
What is the greatest common factor of 173 and 5536?
173
What is the highest common factor of 1387 and 95?
19
What is the highest common divisor of 24296 and 8?
8
Calculate the greatest common factor of 3014 and 22.
22
What is the greatest common factor of 760 and 120?
40
What is the greatest common factor of 44032 and 344?
344
Calculate the highest common factor of 2530 and 621.
23
What is the highest common divisor of 52 and 13?
13
Calculate the highest common factor of 6480 and 390.
30
What is the highest common divisor of 2109 and 3774?
111
Calculate the highest common divisor of 158 and 3397.
79
What is the greatest common factor of 13 and 351?
13
Calculate the greatest common factor of 16 and 31112.
8
Calculate the highest common factor of 4589 and 156.
13
Calculate the greatest common factor of 24 and 588.
12
What is the greatest common divisor of 778 and 2?
2
Calculate the greatest common divisor of 318 and 12.
6
What is the highest common factor of 25 and 400?
25
What is the greatest common factor of 76 and 133?
19
Calculate the highest common divisor of 127 and 127.
127
Calculate the greatest common divisor of 192 and 3.
3
Calculate the highest common divisor of 43 and 10.
1
Calculate the highest common divisor of 380 and 2680.
20
Calculate the highest common divisor of 97 and 4753.
97
What is the greatest common divisor of 2503 and 4?
1
What is the greatest common factor of 92 and 1334?
46
What is the highest common divisor of 413 and 118?
59
What is the greatest common factor of 10927 and 7?
7
Calculate the highest common factor of 2761 and 11.
11
Calculate the highest common divisor of 1 and 13.
1
Calculate the greatest common divisor of 185 and 20.
5
Calculate the highest common divisor of 21 and 861.
21
What is the greatest common factor of 192 and 11184?
48
Calculate the greatest common divisor of 344 and 24.
8
Calculate the highest common divisor of 1728 and 16512.
192
What is the highest common divisor of 1172 and 52?
4
Calculate the greatest common divisor of 35 and 1589.
7
Calculate the greatest common divisor of 2 and 18.
2
What is the highest common divisor of 924 and 84?
84
What is the highest common factor of 60 and 120?
60
Calculate the highest common factor of 336 and 5824.
112
What is the highest common factor of 10 and 5120?
10
Calculate the highest common factor of 180 and 915.
15
What is the highest common divisor of 2632 and 2773?
47
What is the greatest common factor of 24 and 2120?
8
Calculate the greatest common factor of 440 and 858.
22
Calculate the greatest common factor of 1432 and 16.
8
Calculate the greatest common factor of 912 and 56.
8
What is the highest common divisor of 4459 and 13?
13
Calculate the highest common divisor of 108 and 7182.
54
Calculate the greatest common divisor of 3186 and 472.
118
Calculate the greatest common factor of 13185 and 360.
45
Calculate the highest common divisor of 72 and 65832.
24
Calculate the greatest common factor of 611 and 65.
13
Calculate the greatest common divisor of 56 and 2000.
8
Calculate the highest common factor of 406 and 630.
14
Calculate the greatest common factor of 9 and 1701.
9
Calculate the greatest common factor of 18 and 198.
18
What is the highest common divisor of 47 and 5?
1
What is the greatest common factor of 195 and 312?
39
Calculate the highest common divisor of 1128 and 600.
24
Calculate the greatest common divisor of 1912 and 1673.
239
What is the greatest common factor of 2148 and 24?
12
Calculate the greatest common factor of 6594 and 42.
42
Calculate the highest common factor of 252 and 140.
28
What is the highest common factor of 51 and 34?
17
What is the greatest common factor of 1403 and 61?
61
Calculate the highest common divisor of 33 and 17259.
33
Calculate the highest common divisor of 28 and 28.
28
Calculate the highest common factor of 781 and 71.
71
What is the greatest common divisor of 7881 and 222?
111
What is the greatest common divisor of 325 and 195?
65
Calculate the greatest common divisor of 522 and 2001.
87
What is the greatest common divisor of 144 and 228?
12
What is the highest common factor of 85 and 136?
17
Calculate the highest common factor of 35 and 565.
5
Calculate the highest common factor of 8 and 12.
4
What is the highest common factor of 50 and 325?
25
What is the highest common factor of 2592 and 45?
9
Calculate the highest common divisor of 12 and 84.
12
Calculate the greatest common divisor of 540 and 790.
10
What is the greatest common factor of 11 and 539?
11
What is the greatest common factor of 156 and 768?
12
Calculate the highest common divisor of 117 and 208.
13
Calculate the highest common factor of 80 and 4820.
20
What is the highest common divisor of 48 and 36?
12
Calculate the greatest common factor of 355 and 4331.
71
What is the greatest common factor of 1178 and 558?
62
What is the greatest common factor of 77 and 301?
7
What is the highest common factor of 29 and 928?
29
What is the highest common divisor of 68 and 85?
17
What is the highest common factor of 156 and 1066?
26
What is the greatest common divisor of 512 and 64?
64
Calculate the greatest common div